 + 102 = 2*r. What is the remainder when 412 is divided by r?
44
Let u(r) = -2*r**2 - 2*r. Let n be u(-2). Calculate the remainder when 23 - n/(5 - 4) is divided by 7.
6
Suppose 4*l + 5*s + 2245 = 8876, 4*s - 12 = 0. What is the remainder when l is divided by 72?
70
Suppose -c - q = 8 - 13, -4*c + 4*q = 4. What is the remainder when 68 is divided by c?
0
Suppose 236 = 3*l + l. Suppose 0 = -c - 5*n + 19 + 26, 2*n + 80 = c. Calculate the remainder when l is divided by (400/c)/(2/7).
19
Suppose 23 + 68 = -13*r. Let q(n) = -3*n**3 + 10 - 8*n + n**2 - 9*n**2 + 2*n**3. Calculate the remainder when 48 is divided by q(r).
14
Suppose 2*i + 4*o = 550, -177 + 440 = i - 2*o. Calculate the remainder when i is divided by 16.
13
Let q = 3 - 0. Let i(u) = -u**2 + 5*u - 2. What is the remainder when i(q) is divided by 1*-6 - (10 + -18)?
0
Let r be 12/(-14)*21/(-6). Suppose 3*z + 3 = -0*z, 0 = r*m - 3*z - 63. Calculate the remainder when 177 is divided by m.
17
What is the remainder when (-2)/(-4)*(8 - 9)*-136 is divided by 23?
22
Let z be 1233/4 + (-2)/8. Suppose -4*g - z = -11*g. What is the remainder when g is divided by 16?
12
Suppose -3*v - 15 = -39. Let i(l) = 32*l - 1. Let m be i(v). Suppose -2*y + 202 = 2*y + 2*f, 5*y + 3*f = m. Calculate the remainder when y is divided by 25.
23
Let u = 16 + 27. What is the remainder when u is divided by 19?
5
Suppose -3*y - 2*y - 5*k + 185 = 0, k - 151 = -4*y. Let b = 19 + -11. What is the remainder when y is divided by b?
6
Suppose -8*k - 29 = -93. What is the remainder when 20 is divided by k?
4
Suppose -j - j = -4*h - 108, 5*h - 19 = -j. Let c = 116 + j. Suppose 3*t + 315 = 5*w, t = -3*w - 3*t + c. Calculate the remainder when w is divided by 16.
12
Suppose 8*t + 15 = 3*t. Let h = -12 - -17. What is the remainder when 380/50 + t/h is divided by 3?
1
Let f be ((-12)/(-6))/(-1 + -1). Calculate the remainder when 48 is divided by (f/(-3)*-17)/((-3)/9).
14
Let a(c) = -c**2 - 3*c + 5. Let o be a(-4). Let p(f) = -o - 10*f**3 + 8 + 9*f**3. Calculate the remainder when 27 is divided by p(0).
6
Suppose -23 = p - 53. Suppose -4*l - p = -206. What is the remainder when l is divided by 16?
12
Let p(j) = 6*j**2 - 30*j - 15. What is the remainder when 40 is divided by p(6)?
19
Suppose 0 = -26*f + 12*f + 3192. Calculate the remainder when f is divided by 78.
72
Let a(i) be the third derivative of 0 + 0*i + 1/6*i**3 - 2*i**2 + 13/24*i**4. What is the remainder when 51 is divided by a(2)?
24
Suppose -16*b - 210 = -19*b. Let a = b - 60. What is the remainder when 29 is divided by a?
9
Let h(c) = 5*c**2 - 518*c + 831. Suppose 7*i = 2*i + 215. Calculate the remainder when i is divided by h(102).
13
Suppose y + 2*y - 446 = 7*m, -426 = -3*y - 3*m. Calculate the remainder when 295 is divided by y.
7
Let q = -1064 - -1389. Calculate the remainder when q is divided by 8.
5
Let b = 13 + -10. Calculate the remainder when 8 is divided by b.
2
What is the remainder when 1647 is divided by (7/(-21))/((-1)/291)?
95
Let w(n) = n**2 - 4*n + 5. Let k be w(5). Let z = 41 - k. What is the remainder when z is divided by 12 - 0 - (0 - (-2 + -2))?
7
Let h = -40 - -95. What is the remainder when h is divided by ((-589)/(-57) - 10)/(2/84)?
13
Suppose -y - 5*a = y - 26, -4*a + 52 = 4*y. Suppose 4*p - y = 3*p + 4*b, -5*b = 0. What is the remainder when 88 is divided by p?
10
Suppose 0 = b + 3*b - 48. Let w be (3/9)/(2*1/30). Suppose 0 = -6*n + 5*n + 3, 4*q = -w*n + 35. Calculate the remainder when b is divided by q.
2
Suppose 4*p + 41 = 461. Let j = 208 + -181. Calculate the remainder when p is divided by j.
24
Suppose 20 = -2*f + 6*f. What is the remainder when 76 is divided by (-40)/(-2 + (5 - f))?
16
Calculate the remainder when ((-22)/(-44))/(2/4) + 110 is divided by 61.
50
Let u(b) = 2*b**2 - 4*b - 3. Calculate the remainder when 30*5/75*12 is divided by u(4).
11
Let z = -93 + 145. Let j(x) = -3*x**2 + x**2 + 3*x + 5*x - 6 + 3*x**2. What is the remainder when z is divided by j(-11)?
25
Let c = -1366 + 1614. What is the remainder when c is divided by 54?
32
Let g(h) = -2*h**2 + 34. Let k(j) = 2*j + 8. Let b be k(-4). Calculate the remainder when 65 is divided by g(b).
31
Suppose 6*f - 2*f = 5*n + 65, -3*n - 5*f - 2 = 0. What is the remainder when 106 is divided by (22/(-3))/(3/n)?
18
Let u(f) = 34*f**2 + 19*f + 20. Let d(m) = m**3 + 9*m**2 + 8*m + 6. What is the remainder when u(-1) is divided by d(-8)?
5
Suppose 3*h + 50 = 2. Calculate the remainder when ((-64)/6)/(-2)*(-108)/h is divided by 24.
12
Let x = 118 - 89. What is the remainder when 218 is divided by x?
15
Let a(c) = c**3 + 9*c**2 + 5*c - 3. Suppose 0 = 25*m - 320 + 95. What is the remainder when a(-7) is divided by m?
6
Let k = 143 + -60. Calculate the remainder when k is divided by 30.
23
Suppose 0 = 4*v + 5*o + 2, v + 3*o - 5*o = 6. Let l(r) = v*r - 3*r + 0*r - 8. Calculate the remainder when 22 is divided by l(-16).
6
Suppose j + 4 - 31 = 0. Suppose 4*s - s = j. What is the remainder when 32 is divided by s?
5
Let h = 75 + -58. Let y(p) = -p**3 + 16*p**2 + 23*p - 2. What is the remainder when y(h) is divided by 34?
32
Let d be 4 + -2 + (0 - 2). Let p(h) = h**3 + 2*h**2 + h + 2. Calculate the remainder when 5 is divided by p(d).
1
Suppose 141 = -87*d + 88*d. What is the remainder when d is divided by 24?
21
Suppose 9*i = 7*i + 10. What is the remainder when 29 is divided by ((-8)/i)/((-1)/5)?
5
Suppose 0 = -5*j, -z + 0*z = -4*j + 45. Let q = 51 + z. Calculate the remainder when 28 is divided by q.
4
Let j(o) = -113*o - 25. Calculate the remainder when j(-2) is divided by 41.
37
Let s be ((-5)/3)/(5/(-75)). Let w = s - 17. What is the remainder when w/(-44) + 1194/33 is divided by 13?
10
Suppose 3*h + 5*i - 27 = 55, -4*h + 4*i + 56 = 0. Calculate the remainder when 72 is divided by h.
15
Let f = 49 - -63. What is the remainder when f is divided by 23?
20
Suppose -4*n = -5*o - 157, -4*n + 5*o = n - 195. Calculate the remainder when 75 is divided by n.
37
What is the remainder when 114 is divided by (71 + -6)/5 - (-3 - -4)?
6
Let y = -4 + 18. Suppose 5*i - 4 = -2*k + 16, -2*k + y = 4*i. Suppose -p - 4*r - 207 = -i*p, 76 = 2*p - 5*r. Calculate the remainder when 83 is divided by p.
40
Let t = 567 - 556. Let y = -2 + -10. What is the remainder when 3/y*2*-40 is divided by t?
9
Let p = 143 - 60. What is the remainder when p is divided by 22?
17
Let p = -601 - -624. Let z(a) = 88*a**3 - 2*a**2 + 1. Calculate the remainder when z(1) is divided by p.
18
Let a = 10 - -32. Suppose -49 + 205 = -6*u. Let d = -11 - u. Calculate the remainder when a is divided by d.
12
Suppose -2*l + 18 + 12 = 0. What is the remainder when ((-9 - 107) + -2)*1/(-2) is divided by l?
14
Suppose a + 4*a = 0. Suppose a = 7*l - 93 + 30. What is the remainder when l is divided by 2?
1
Let x(c) = 38*c - 2. Let f(g) = 13*g - 930. Calculate the remainder when x(2) is divided by f(73).
17
Let t = -467 + 508. Calculate the remainder when 157 is divided by t.
34
Let x(j) = 2*j**2 - 5*j - 17. Let r(c) = c - 13. Let n be r(10). Calculate the remainder when 94 is divided by x(n).
14
Let f = -292 - -511. Calculate the remainder when f is divided by 109.
1
Suppose 0*z - 18 = 2*z. Let t(c) = -c**3 - 8*c**2 + 10*c + 9. Let f be t(z). Suppose -5*q + 4 + 106 = f. What is the remainder when 64 is divided by q?
20
What is the remainder when 0 + 71 + 0 + 1 is divided by (-468)/(-16) + -5 - (-3)/4?
22
Suppose -i + 16 = 1. Let s = 18 - 12. Suppose a - i = -s. Calculate the remainder when 15 is divided by a.
6
Let a(n) = -n**3 + 9*n**2 + n - 2. Let j be a(9). Suppose -w + j = -25. Suppose 5*h - 51 = 2*h. Calculate the remainder when w is divided by h.
15
Suppose 6*f = 51 + 3. Suppose -17*v = -f*v - 456. What is the remainder when v is divided by 20?
17
Suppose -6*i - 32 = -7*i + 3*p, 8 = i + 5*p. Let j = -8 + 13. Suppose j*h + 22 - 362 = 0. Calculate the remainder when h is divided by i.
22
Let c(k) be the third derivative of 0*k + 1/8*k**4 + 1/6*k**3 + 0 - 4*k**2. What is the remainder when 26 is divided by c(2)?
5
Suppose 0 = -2*t - 4*l + 304, -8*t + l + 449 = -5*t. Calculate the remainder when t is divided by 22.
18
Let h = -13 + 13. Let j be (-8)/(-8) - (h + -1). What is the remainder when 12 is divided by (15/j)/3*2?
2
Let w be -2*4/8 + (